{"id":18,"date":"2024-01-15T10:55:55","date_gmt":"2024-01-15T09:55:55","guid":{"rendered":"https:\/\/zielonecieplo.ostroda.pl\/?page_id=18"},"modified":"2025-07-02T07:53:21","modified_gmt":"2025-07-02T05:53:21","slug":"onas","status":"publish","type":"page","link":"https:\/\/zielonecieplo.ostroda.pl\/","title":{"rendered":"O NAS"},"content":{"rendered":"\n<p>Zielone Ciep\u0142o Sp. z o.o. w Ostr\u00f3dzie, <br>ul. Marsza\u0142ka Pi\u0142sudskiego 21<br>14-100 Ostr\u00f3da<br>zarejestrowana w S\u0105dzie Rejonowym w Olsztynie VIII Wydzia\u0142 Gospodarczy Krajowego Rejestru<br>S\u0105dowego pod numerem 0001082566<br>NIP: 7412167977<br>kapita\u0142 zak\u0142adowy w wysoko\u015bci 5.000 PLN<\/p>\n\n\n\n<p><\/p>\n\n\n\n<p><img loading=\"lazy\" decoding=\"async\" width=\"300\" height=\"47\" class=\"wp-image-61\" style=\"width: 300px;\" src=\"http:\/\/zielonecieplo.ostroda.pl\/wp-content\/uploads\/2024\/12\/WFOSiGW_logo-2-300x47-1.png\" alt=\"\"><\/p>\n\n\n\n<p><strong><em>Korzystamy z dofinansowania Wojew\u00f3dzkiego Funduszu Ochrony \u015arodowiska i Gospodarki Wodnej w Olsztynie<\/em><\/strong><\/p>\n\n\n\n<p><\/p>\n\n\n\n<p><\/p>\n","protected":false},"excerpt":{"rendered":"<p>Zielone Ciep\u0142o Sp. z o.o. w Ostr\u00f3dzie, ul. Marsza\u0142ka Pi\u0142sudskiego 2114-100 Ostr\u00f3dazarejestrowana w S\u0105dzie Rejonowym w Olsztynie VIII Wydzia\u0142 Gospodarczy Krajowego RejestruS\u0105dowego pod numerem 0001082566NIP: 7412167977kapita\u0142 zak\u0142adowy w wysoko\u015bci 5.000 PLN Korzystamy z dofinansowania Wojew\u00f3dzkiego Funduszu Ochrony \u015arodowiska i Gospodarki Wodnej w Olsztynie<\/p>\n","protected":false},"author":1,"featured_media":0,"parent":0,"menu_order":0,"comment_status":"closed","ping_status":"closed","template":"","meta":{"footnotes":""},"class_list":["post-18","page","type-page","status-publish","hentry"],"_links":{"self":[{"href":"https:\/\/zielonecieplo.ostroda.pl\/index.php?rest_route=\/wp\/v2\/pages\/18","targetHints":{"allow":["GET"]}}],"collection":[{"href":"https:\/\/zielonecieplo.ostroda.pl\/index.php?rest_route=\/wp\/v2\/pages"}],"about":[{"href":"https:\/\/zielonecieplo.ostroda.pl\/index.php?rest_route=\/wp\/v2\/types\/page"}],"author":[{"embeddable":true,"href":"https:\/\/zielonecieplo.ostroda.pl\/index.php?rest_route=\/wp\/v2\/users\/1"}],"replies":[{"embeddable":true,"href":"https:\/\/zielonecieplo.ostroda.pl\/index.php?rest_route=%2Fwp%2Fv2%2Fcomments&post=18"}],"version-history":[{"count":5,"href":"https:\/\/zielonecieplo.ostroda.pl\/index.php?rest_route=\/wp\/v2\/pages\/18\/revisions"}],"predecessor-version":[{"id":84,"href":"https:\/\/zielonecieplo.ostroda.pl\/index.php?rest_route=\/wp\/v2\/pages\/18\/revisions\/84"}],"wp:attachment":[{"href":"https:\/\/zielonecieplo.ostroda.pl\/index.php?rest_route=%2Fwp%2Fv2%2Fmedia&parent=18"}],"curies":[{"name":"wp","href":"https:\/\/api.w.org\/{rel}","templated":true}]}}